{"id":1570,"date":"2025-09-09T14:26:49","date_gmt":"2025-09-09T12:26:49","guid":{"rendered":""},"modified":"2025-09-09T14:26:49","modified_gmt":"2025-09-09T12:26:49","slug":"soiree-sante-chu-mollat-quel-avenir-apres-un-avc","status":"publish","type":"buni_events","link":"https:\/\/incia.u-bordeaux.fr\/fr\/events\/soiree-sante-chu-mollat-quel-avenir-apres-un-avc\/","title":{"rendered":"Soir\u00e9e sant\u00e9 CHU &#8211; Mollat : \u00ab\u00a0Quel avenir apr\u00e8s un AVC ?\u00a0\u00bb"},"content":{"rendered":"<p><strong>Lieu : Station Ausone &#8211; 8 rue de la Vieille Tour, Bordeaux<\/strong><\/p>\n<p><a href=\"https:\/\/www.mollat.com\/evenements\/soiree-sante-margot-turcat-igor-sibon-bertrand-glize-avc\">Egalement sur YouTube<\/a><\/p>\n<hr \/>\n<h3>Programme :<\/h3>\n<p><strong>T\u00e9moignage\u00a0<\/strong><br \/>\nMargot Turcat<br \/>\n\u00e0 l&rsquo;occasion de la parution de \u00ab\u00a0<a href=\"https:\/\/www.mollat.com\/livres\/3354673\/margot-turcat-ca-me-prend-la-tet\">\u00c7a me prend la t\u00eate<\/a>\u00a0\u00bb aux \u00e9ditions Larousse.<\/p>\n<p><strong>Quel avenir apr\u00e8s un AVC ?<\/strong><br \/>\nPar Igor Sibon<\/p>\n<p style=\"padding-left: 40px;\">Les accidents vasculaires c\u00e9r\u00e9braux affectent pr\u00e8s de 150 000 patients en France par an. Les deux derni\u00e8res d\u00e9cennies ont vu \u00e9merger de nouvelles strat\u00e9gies th\u00e9rapeutiques telles que la thrombolyse ou la thrombectomie m\u00e9canique permettant d\u2019am\u00e9liorer le pronostic fonctionnel post accident vasculaire c\u00e9r\u00e9bral lorsqu\u2019elles sont utilis\u00e9s dans les premi\u00e8res heures suivant le d\u00e9but des sympt\u00f4mes. N\u00e9anmoins, 2\/3 des patients vont potentiellement conserver des s\u00e9quelles, qu\u2019elles soient visibles \u00e0 titre de paralysie ou de troubles du langage ou invisible, tels que les troubles de la concentration, de la m\u00e9moire ou de l\u2019humeur. Ces diff\u00e9rentes s\u00e9quelles doivent \u00eatre syst\u00e9matiquement \u00e9valu\u00e9es et prise en charge par des professionnels de sant\u00e9 sp\u00e9cialis\u00e9s pour optimiser la qualit\u00e9 de vie post accident vasculaire c\u00e9r\u00e9bral.<\/p>\n<p><strong>Igor Sibon<\/strong> est PU PH de Neurologie, Chef de Service de l\u2019Unit\u00e9 Neurovasculaire du CHU de Bordeaux, Directeur par Interim de l\u2019IHU VBHI, Chercheur membre de l\u2019INCIA (coresponsable de l\u2019\u00e9quipe ECOPSY dont l\u2019objectif est de mieux pr\u00e9dire et prendre en charge les troubles cognitifs et thymiques post-AVC)<\/p>\n<p><strong>Les s\u00e9quelles post AVC, vivre avec m\u00eame quand elles se cachent<\/strong><br \/>\nPar Bertrand Glize<\/p>\n<p style=\"padding-left: 40px;\">Dans les suites d\u2019un AVC, et malgr\u00e9 l\u2019am\u00e9lioration constante de la prise en charge en urgence, peuvent persister des s\u00e9quelles, parfois importantes. Si les troubles moteurs tels qu\u2019une h\u00e9mipl\u00e9gie sont largement per\u00e7us par tous, le handicap \u00ab invisible \u00bb impacte aussi grandement le quotidien des patients. Par exemple, les troubles du langage tels que l\u2019aphasie (des difficult\u00e9s \u00e0 comprendre ou produire les mots et les phrases \u00e0 l\u2019oral et\/ou \u00e0 l\u2019\u00e9crit) sont connus pour impacter la qualit\u00e9 de vie, parfois plus que des maladies comme le cancer ou la maladie d\u2019Alzheimer selon certaines \u00e9tudes. Si la r\u00e9\u00e9ducation a pour but de minimiser ces cons\u00e9quences, l\u2019accompagnement m\u00e9dical, mais aussi social et humain est primordial et doit \u00eatre \u00e9voqu\u00e9 librement, car il reste malgr\u00e9 tout insuffisant.<\/p>\n<p><strong>Bertrand Glize<\/strong> est PU-PH de M\u00e9decine Physique et de R\u00e9adaptation U1219 INSERM BPH \u00e9quipe ACTIVE.<\/p>\n<p>&nbsp;<\/p>\n","protected":false},"excerpt":{"rendered":"<p>Parmi les intervenants : Igor Sibon (INCIA)<\/p>\n","protected":false},"template":"","categories":[],"class_list":["post-1570","buni_events","type-buni_events","status-publish","hentry"],"_links":{"self":[{"href":"https:\/\/incia.u-bordeaux.fr\/fr\/wp-json\/wp\/v2\/buni_events\/1570","targetHints":{"allow":["GET"]}}],"collection":[{"href":"https:\/\/incia.u-bordeaux.fr\/fr\/wp-json\/wp\/v2\/buni_events"}],"about":[{"href":"https:\/\/incia.u-bordeaux.fr\/fr\/wp-json\/wp\/v2\/types\/buni_events"}],"wp:attachment":[{"href":"https:\/\/incia.u-bordeaux.fr\/fr\/wp-json\/wp\/v2\/media?parent=1570"}],"wp:term":[{"taxonomy":"category","embeddable":true,"href":"https:\/\/incia.u-bordeaux.fr\/fr\/wp-json\/wp\/v2\/categories?post=1570"}],"curies":[{"name":"wp","href":"https:\/\/api.w.org\/{rel}","templated":true}]}}

Soirée santé CHU &#8211; Mollat : « Quel avenir après un AVC ? »

<p><strong>Lieu : Station Ausone &#8211; 8 rue de la Vieille Tour, Bordeaux</strong></p>
<p><a href="https://www.mollat.com/evenements/soiree-sante-margot-turcat-igor-sibon-bertrand-glize-avc">Egalement sur YouTube</a></p>
<hr />
<h3>Programme :</h3>
<p><strong>Témoignage </strong><br />
Margot Turcat<br />
à l&rsquo;occasion de la parution de « <a href="https://www.mollat.com/livres/3354673/margot-turcat-ca-me-prend-la-tet">Ça me prend la tête</a> » aux éditions Larousse.</p>
<p><strong>Quel avenir après un AVC ?</strong><br />
Par Igor Sibon</p>
<p style="padding-left: 40px;">Les accidents vasculaires cérébraux affectent près de 150 000 patients en France par an. Les deux dernières décennies ont vu émerger de nouvelles stratégies thérapeutiques telles que la thrombolyse ou la thrombectomie mécanique permettant d’améliorer le pronostic fonctionnel post accident vasculaire cérébral lorsqu’elles sont utilisés dans les premières heures suivant le début des symptômes. Néanmoins, 2/3 des patients vont potentiellement conserver des séquelles, qu’elles soient visibles à titre de paralysie ou de troubles du langage ou invisible, tels que les troubles de la concentration, de la mémoire ou de l’humeur. Ces différentes séquelles doivent être systématiquement évaluées et prise en charge par des professionnels de santé spécialisés pour optimiser la qualité de vie post accident vasculaire cérébral.</p>
<p><strong>Igor Sibon</strong> est PU PH de Neurologie, Chef de Service de l’Unité Neurovasculaire du CHU de Bordeaux, Directeur par Interim de l’IHU VBHI, Chercheur membre de l’INCIA (coresponsable de l’équipe ECOPSY dont l’objectif est de mieux prédire et prendre en charge les troubles cognitifs et thymiques post-AVC)</p>
<p><strong>Les séquelles post AVC, vivre avec même quand elles se cachent</strong><br />
Par Bertrand Glize</p>
<p style="padding-left: 40px;">Dans les suites d’un AVC, et malgré l’amélioration constante de la prise en charge en urgence, peuvent persister des séquelles, parfois importantes. Si les troubles moteurs tels qu’une hémiplégie sont largement perçus par tous, le handicap « invisible » impacte aussi grandement le quotidien des patients. Par exemple, les troubles du langage tels que l’aphasie (des difficultés à comprendre ou produire les mots et les phrases à l’oral et/ou à l’écrit) sont connus pour impacter la qualité de vie, parfois plus que des maladies comme le cancer ou la maladie d’Alzheimer selon certaines études. Si la rééducation a pour but de minimiser ces conséquences, l’accompagnement médical, mais aussi social et humain est primordial et doit être évoqué librement, car il reste malgré tout insuffisant.</p>
<p><strong>Bertrand Glize</strong> est PU-PH de Médecine Physique et de Réadaptation U1219 INSERM BPH équipe ACTIVE.</p>
<p>&nbsp;</p>
