{"id":2094,"date":"2026-09-03T13:23:45","date_gmt":"2026-09-03T11:23:45","guid":{"rendered":""},"modified":"2026-09-03T13:23:45","modified_gmt":"2026-09-03T11:23:45","slug":"soutenance-de-these-chantal-delaquis","status":"publish","type":"buni_events","link":"https:\/\/incia.u-bordeaux.fr\/fr\/events\/soutenance-de-these-chantal-delaquis\/","title":{"rendered":"<span>Soutenance de th\u00e8se &#8211; <\/span>Chantal Delaquis"},"content":{"rendered":"<p><strong>Lieu : CARF<\/strong><\/p>\n<hr \/>\n<p><a href=\"\/?p=158639\"><strong><img loading=\"lazy\" decoding=\"async\" class=\"alignright  wp-image-205741\" src=\"https:\/\/www.bordeaux-neurocampus.fr\/wp-content\/uploads\/2026\/06\/delaquis-chantal-r.jpg\" alt=\"\" width=\"222\" height=\"222\" \/>Chantal Delaquis<\/strong><\/a><br \/>\nEquipe Ecopsy, INCIA<\/p>\n<p>Th\u00e8se dirig\u00e9e par Sylvie Berthoz<\/p>\n<h3>Titre<\/h3>\n<p>Analyses en r\u00e9seaux des interactions cognitives et affectives dans les d\u00e9sordres de la prise alimentaire<\/p>\n<h3>R\u00e9sum\u00e9<\/h3>\n<p>Les troubles des conduites alimentaires (TCA) sont des pathologies psychiatriques d\u00e9vastatrices au taux de gu\u00e9rison faible et au risque de rechute \u00e9lev\u00e9. La recherche d\u00e9passe d\u00e9sormais les seuls sympt\u00f4mes li\u00e9s \u00e0 l&rsquo;alimentation et au poids pour examiner des m\u00e9canismes de maintien plus larges. Deux cadres th\u00e9oriques majeurs \u2014 le mod\u00e8le cognitivo-interpersonnel de l&rsquo;anorexie mentale (AM) et le mod\u00e8le cognitivo-comportemental transdiagnostique \u2014 proposent des m\u00e9canismes interconnect\u00e9s : rigidit\u00e9 cognitive, perfectionnisme, estime de soi conditionnelle, dysr\u00e9gulation \u00e9motionnelle et difficult\u00e9s interpersonnelles. Pour analyser ces interactions complexes, l&rsquo;analyse de r\u00e9seaux est id\u00e9ale puisqu\u2019elle conceptualise la psychopathologie comme un syst\u00e8me de sympt\u00f4mes en interaction directe, permettant d&rsquo;identifier des n\u0153uds centraux (cibles th\u00e9rapeutiques cl\u00e9s) et des n\u0153uds ponts (liens entre clusters de sympt\u00f4mes alimentant la comorbidit\u00e9).<\/p>\n<p>\u00c0 travers cinq \u00e9tudes, cette th\u00e8se explore l&rsquo;interrelation entre ces m\u00e9canismes. Le chapitre 3 examine les caract\u00e9ristiques cognitivo-interpersonnelles chez des adolescents hospitalis\u00e9s pour AM. La \u00ab pr\u00e9occupation face aux erreurs \u00bb, dimension du perfectionnisme, y \u00e9merge comme n\u0153ud central et pont, s&rsquo;av\u00e9rant significativement plus centrale que les sympt\u00f4mes cardinaux du TCA. Le chapitre 4 prolonge ce travail sur la structure de r\u00e9seau des sympt\u00f4mes cognitivo-comportementaux chez des patients hospitalis\u00e9s (adultes et adolescents) souffrant d&rsquo;AM. La pr\u00e9occupation face aux erreurs y est de nouveau centrale, aux c\u00f4t\u00e9s de la sur\u00e9valuation du poids\/formes corporelles et des exigences personnelles, tandis que l&rsquo;estime de soi et la pr\u00e9occupation face aux erreurs font office de n\u0153uds ponts. De plus, les sympt\u00f4mes anxieux \u00e9taient plus centraux dans l&rsquo;AM restrictive que dans le sous-type boulimique\/purgatif. Le chapitre 5 teste la r\u00e9plicabilit\u00e9 de ces mod\u00e8les au sein d&rsquo;un \u00e9chantillon communautaire Australien rapportant des sympt\u00f4mes de TCA. La pr\u00e9occupation face aux erreurs y demeure un n\u0153ud et pont central, l&rsquo;impulsivit\u00e9\/difficult\u00e9 \u00e0 s&rsquo;engager dans des comportements orient\u00e9s vers un but et la sur\u00e9valuation du poids\/forme corporelle \u00e9tant \u00e9galement centrales. Compte tenu de la robustesse du perfectionnisme, le chapitre 6 examine les r\u00f4les distincts de la pr\u00e9occupation face aux erreurs et des exigences personnelles chez des Australiens auto-rapportant un TCA vs contr\u00f4les. Aucune dimension ne diff\u00e9rait selon le diagnostic ou la pr\u00e9sentation comportementale (restrictive, hyperphagique avec ou sans comportements compensatoires), confirmant leur nature transdiagnostique. Toutefois, apr\u00e8s contr\u00f4le de l\u2019affectivit\u00e9 n\u00e9gative, seule la pr\u00e9occupation face aux erreurs restait \u00e9lev\u00e9e dans tous les groupes TCA ; l&rsquo;effet des exigences personnelles \u00e9tait largement expliqu\u00e9 par l&rsquo;anxi\u00e9t\u00e9. Enfin, le chapitre 7 comble une lacune concernant le perfectionnisme chez les individus avec un IMC \u00e9lev\u00e9 par une revue de syst\u00e9matique PRISMA montrant que si le perfectionnisme n&rsquo;a pas de lien direct avec l&rsquo;IMC, la pr\u00e9occupation face aux erreurs est syst\u00e9matiquement associ\u00e9e aux TCA \u00e0 travers les \u00e9tudes.<\/p>\n<p>Dans leur ensemble, ces r\u00e9sultats soulignent le r\u00f4le central de la pr\u00e9occupation face aux erreurs comme caract\u00e9ristique transdiagnostique de la pathologie alimentaire, transcendant diagnostics, comportements et poids. La centralit\u00e9 constante de sympt\u00f4mes non li\u00e9s \u00e0 l&rsquo;alimentation remet en question l&rsquo;id\u00e9e que les TCA se d\u00e9finissent d&rsquo;abord par leur expression comportementale. Nos conclusions orientent vers un cadre cognitivo-affectif et temp\u00e9ramental pour comprendre, classifier et traiter ces troubles.<\/p>\n<p><strong>Mot cl\u00e9s<\/strong>: Troubles des conduites alimentaires\u00a0; perfectionnisme\u00a0; analyses en r\u00e9seaux<\/p>\n<h3>Publications<\/h3>\n<p><strong>The papers produced for this thesis by associated papers are:<\/strong><\/p>\n<ul>\n<li><strong>Delaquis, C. P., <\/strong>Godart, N. T., EVHAN Group, Fats\u00e9as, M., &amp; Berthoz, S. (2023). Cognitive and Interpersonal Factors in Adolescent Inpatients with Anorexia Nervosa: A Network Analysis, <em>Children<\/em>, <em>10<\/em>(4), 730. <a href=\"https:\/\/doi.org\/10.3390\/children10040730\">https:\/\/doi.org\/10.3390\/children10040730<\/a><\/li>\n<li><strong>Delaquis, C. P., <\/strong>Godart, N., Barry, C., Ringuenet, D., Maria, A. S., Nicolas, I., &amp; Berthoz, S. (2024). Perfectionism, Self-Esteem and Affective Symptoms in Anorexia Nervosa: A Network Analysis of French Adolescent and Adult Inpatients, <em>Journal of Clinical Psychology, 80<\/em>(8), 1852\u20131875. <a href=\"https:\/\/doi.org\/10.1002\/jclp.23698\">https:\/\/doi.org\/10.1002\/jclp.23698<\/a><\/li>\n<li><strong>Delaquis, C. P.,<\/strong> Brown, Y., Spirou, D., Matthews, R., Raman, J., &amp; Berthoz, S. (2026). The Interplay Between Cognitive-Behavioural and -Interpersonal Factors in Disordered Eating: A Network Analysis.<\/li>\n<li><strong>Delaquis, C. P.,<\/strong> Brown, Y., Spirou, D., Matthews, R., Raman, J., &amp; Berthoz, S. (2026). Concern over Mistakes and Personal Standards Across Transdiagnostic Eating Disorder Behavioural Presentations.<\/li>\n<li><strong>Delaquis, C. P.,<\/strong> Brown, Y., Spirou, D., Matthews, R., Raman, J., &amp; Berthoz, S. (2026). Perfectionism in Overweight and Obesity: A Scoping Review. <em>Obesity Reviews<\/em>, e70162. <a href=\"https:\/\/doi.org\/10.1111\/obr.70162\">https:\/\/doi.org\/10.1111\/obr.70162<\/a><\/li>\n<\/ul>\n<p><strong>Papers included in the appendix to complement the results discussed in the current thesis:<\/strong><\/p>\n<ul>\n<li>Cuerva, K., Spirou, D., Cuerva, A., <strong>Delaquis, C. P,<\/strong> &amp; Raman, J. (2024). Perspectives and preliminary experiences of psychedelics for the treatment of eating disorders: A systematic scoping review, <em>European Eating Disorders Review<\/em>,<em> 32<\/em>(5), 980\u20131001. <a href=\"https:\/\/doi.org\/10.1002\/erv.3101\">https:\/\/doi.org\/10.1002\/erv.3101<\/a><\/li>\n<li><strong>Delaquis, C. P*.,<\/strong> Spirou, D*., Brown, Y., Wood, K., Smith, E., Raman, J., &amp; Berthoz, S. (2025, March 28). A Network Analysis of Disordered Eating and Emotional Dimensions Among Individuals with a High Body Mass Index. <em>PsyArXiv. <\/em><a href=\"https:\/\/doi.org\/10.31234\/osf.io\/dy247_v1\">https:\/\/doi.org\/10.31234\/osf.io\/dy247_v1<\/a> (*equal contributors)<\/li>\n<\/ul>\n<h3>Jury<\/h3>\n<ul>\n<li>Mme BERTHOZ Sylvie &#8211; Charg\u00e9e de recherche, INSERM &#8211; Directrice de th\u00e8se<br \/>\nMme GRALL-BRONNEC Marie &#8211; Professeure des universit\u00e9s &#8211; praticienne hospitali\u00e8re, Facult\u00e9 de M\u00e9decine de Nantes et CHU de Nantes &#8211; Rapportrice<br \/>\nM CARR\u00c9 Arnaud &#8211; Professeur des universit\u00e9s, Universit\u00e9 Savoie Mont Blanc &#8211; Rapporteur<br \/>\nMme ROEFS Anne &#8211; Full professor, Maastricht University &#8211; Pr\u00e9sidente<br \/>\nInvited member : Mme GRYNBERG Delphine &#8211; Professeure des universit\u00e9s,Universit\u00e9 de Lille &#8211; Invit\u00e9e<\/li>\n<\/ul>\n","protected":false},"excerpt":{"rendered":"<p>Analyses en r\u00e9seaux des interactions cognitives et affectives dans les d\u00e9sordres de la prise alimentaire \/\/ Lieu : CARF<\/p>\n","protected":false},"template":"","categories":[],"class_list":["post-2094","buni_events","type-buni_events","status-publish","hentry"],"_links":{"self":[{"href":"https:\/\/incia.u-bordeaux.fr\/fr\/wp-json\/wp\/v2\/buni_events\/2094","targetHints":{"allow":["GET"]}}],"collection":[{"href":"https:\/\/incia.u-bordeaux.fr\/fr\/wp-json\/wp\/v2\/buni_events"}],"about":[{"href":"https:\/\/incia.u-bordeaux.fr\/fr\/wp-json\/wp\/v2\/types\/buni_events"}],"wp:attachment":[{"href":"https:\/\/incia.u-bordeaux.fr\/fr\/wp-json\/wp\/v2\/media?parent=2094"}],"wp:term":[{"taxonomy":"category","embeddable":true,"href":"https:\/\/incia.u-bordeaux.fr\/fr\/wp-json\/wp\/v2\/categories?post=2094"}],"curies":[{"name":"wp","href":"https:\/\/api.w.org\/{rel}","templated":true}]}}

<span>Soutenance de thèse &#8211; </span>Chantal Delaquis

<p><strong>Lieu : CARF</strong></p>
<hr />
<p><a href="/?p=158639"><strong><img loading="lazy" decoding="async" class="alignright  wp-image-205741" src="https://www.bordeaux-neurocampus.fr/wp-content/uploads/2026/06/delaquis-chantal-r.jpg" alt="" width="222" height="222" />Chantal Delaquis</strong></a><br />
Equipe Ecopsy, INCIA</p>
<p>Thèse dirigée par Sylvie Berthoz</p>
<h3>Titre</h3>
<p>Analyses en réseaux des interactions cognitives et affectives dans les désordres de la prise alimentaire</p>
<h3>Résumé</h3>
<p>Les troubles des conduites alimentaires (TCA) sont des pathologies psychiatriques dévastatrices au taux de guérison faible et au risque de rechute élevé. La recherche dépasse désormais les seuls symptômes liés à l&rsquo;alimentation et au poids pour examiner des mécanismes de maintien plus larges. Deux cadres théoriques majeurs — le modèle cognitivo-interpersonnel de l&rsquo;anorexie mentale (AM) et le modèle cognitivo-comportemental transdiagnostique — proposent des mécanismes interconnectés : rigidité cognitive, perfectionnisme, estime de soi conditionnelle, dysrégulation émotionnelle et difficultés interpersonnelles. Pour analyser ces interactions complexes, l&rsquo;analyse de réseaux est idéale puisqu’elle conceptualise la psychopathologie comme un système de symptômes en interaction directe, permettant d&rsquo;identifier des nœuds centraux (cibles thérapeutiques clés) et des nœuds ponts (liens entre clusters de symptômes alimentant la comorbidité).</p>
<p>À travers cinq études, cette thèse explore l&rsquo;interrelation entre ces mécanismes. Le chapitre 3 examine les caractéristiques cognitivo-interpersonnelles chez des adolescents hospitalisés pour AM. La « préoccupation face aux erreurs », dimension du perfectionnisme, y émerge comme nœud central et pont, s&rsquo;avérant significativement plus centrale que les symptômes cardinaux du TCA. Le chapitre 4 prolonge ce travail sur la structure de réseau des symptômes cognitivo-comportementaux chez des patients hospitalisés (adultes et adolescents) souffrant d&rsquo;AM. La préoccupation face aux erreurs y est de nouveau centrale, aux côtés de la surévaluation du poids/formes corporelles et des exigences personnelles, tandis que l&rsquo;estime de soi et la préoccupation face aux erreurs font office de nœuds ponts. De plus, les symptômes anxieux étaient plus centraux dans l&rsquo;AM restrictive que dans le sous-type boulimique/purgatif. Le chapitre 5 teste la réplicabilité de ces modèles au sein d&rsquo;un échantillon communautaire Australien rapportant des symptômes de TCA. La préoccupation face aux erreurs y demeure un nœud et pont central, l&rsquo;impulsivité/difficulté à s&rsquo;engager dans des comportements orientés vers un but et la surévaluation du poids/forme corporelle étant également centrales. Compte tenu de la robustesse du perfectionnisme, le chapitre 6 examine les rôles distincts de la préoccupation face aux erreurs et des exigences personnelles chez des Australiens auto-rapportant un TCA vs contrôles. Aucune dimension ne différait selon le diagnostic ou la présentation comportementale (restrictive, hyperphagique avec ou sans comportements compensatoires), confirmant leur nature transdiagnostique. Toutefois, après contrôle de l’affectivité négative, seule la préoccupation face aux erreurs restait élevée dans tous les groupes TCA ; l&rsquo;effet des exigences personnelles était largement expliqué par l&rsquo;anxiété. Enfin, le chapitre 7 comble une lacune concernant le perfectionnisme chez les individus avec un IMC élevé par une revue de systématique PRISMA montrant que si le perfectionnisme n&rsquo;a pas de lien direct avec l&rsquo;IMC, la préoccupation face aux erreurs est systématiquement associée aux TCA à travers les études.</p>
<p>Dans leur ensemble, ces résultats soulignent le rôle central de la préoccupation face aux erreurs comme caractéristique transdiagnostique de la pathologie alimentaire, transcendant diagnostics, comportements et poids. La centralité constante de symptômes non liés à l&rsquo;alimentation remet en question l&rsquo;idée que les TCA se définissent d&rsquo;abord par leur expression comportementale. Nos conclusions orientent vers un cadre cognitivo-affectif et tempéramental pour comprendre, classifier et traiter ces troubles.</p>
<p><strong>Mot clés</strong>: Troubles des conduites alimentaires ; perfectionnisme ; analyses en réseaux</p>
<h3>Publications</h3>
<p><strong>The papers produced for this thesis by associated papers are:</strong></p>
<ul>
<li><strong>Delaquis, C. P., </strong>Godart, N. T., EVHAN Group, Fatséas, M., &amp; Berthoz, S. (2023). Cognitive and Interpersonal Factors in Adolescent Inpatients with Anorexia Nervosa: A Network Analysis, <em>Children</em>, <em>10</em>(4), 730. <a href="https://doi.org/10.3390/children10040730">https://doi.org/10.3390/children10040730</a></li>
<li><strong>Delaquis, C. P., </strong>Godart, N., Barry, C., Ringuenet, D., Maria, A. S., Nicolas, I., &amp; Berthoz, S. (2024). Perfectionism, Self-Esteem and Affective Symptoms in Anorexia Nervosa: A Network Analysis of French Adolescent and Adult Inpatients, <em>Journal of Clinical Psychology, 80</em>(8), 1852–1875. <a href="https://doi.org/10.1002/jclp.23698">https://doi.org/10.1002/jclp.23698</a></li>
<li><strong>Delaquis, C. P.,</strong> Brown, Y., Spirou, D., Matthews, R., Raman, J., &amp; Berthoz, S. (2026). The Interplay Between Cognitive-Behavioural and -Interpersonal Factors in Disordered Eating: A Network Analysis.</li>
<li><strong>Delaquis, C. P.,</strong> Brown, Y., Spirou, D., Matthews, R., Raman, J., &amp; Berthoz, S. (2026). Concern over Mistakes and Personal Standards Across Transdiagnostic Eating Disorder Behavioural Presentations.</li>
<li><strong>Delaquis, C. P.,</strong> Brown, Y., Spirou, D., Matthews, R., Raman, J., &amp; Berthoz, S. (2026). Perfectionism in Overweight and Obesity: A Scoping Review. <em>Obesity Reviews</em>, e70162. <a href="https://doi.org/10.1111/obr.70162">https://doi.org/10.1111/obr.70162</a></li>
</ul>
<p><strong>Papers included in the appendix to complement the results discussed in the current thesis:</strong></p>
<ul>
<li>Cuerva, K., Spirou, D., Cuerva, A., <strong>Delaquis, C. P,</strong> &amp; Raman, J. (2024). Perspectives and preliminary experiences of psychedelics for the treatment of eating disorders: A systematic scoping review, <em>European Eating Disorders Review</em>,<em> 32</em>(5), 980–1001. <a href="https://doi.org/10.1002/erv.3101">https://doi.org/10.1002/erv.3101</a></li>
<li><strong>Delaquis, C. P*.,</strong> Spirou, D*., Brown, Y., Wood, K., Smith, E., Raman, J., &amp; Berthoz, S. (2025, March 28). A Network Analysis of Disordered Eating and Emotional Dimensions Among Individuals with a High Body Mass Index. <em>PsyArXiv. </em><a href="https://doi.org/10.31234/osf.io/dy247_v1">https://doi.org/10.31234/osf.io/dy247_v1</a> (*equal contributors)</li>
</ul>
<h3>Jury</h3>
<ul>
<li>Mme BERTHOZ Sylvie &#8211; Chargée de recherche, INSERM &#8211; Directrice de thèse<br />
Mme GRALL-BRONNEC Marie &#8211; Professeure des universités &#8211; praticienne hospitalière, Faculté de Médecine de Nantes et CHU de Nantes &#8211; Rapportrice<br />
M CARRÉ Arnaud &#8211; Professeur des universités, Université Savoie Mont Blanc &#8211; Rapporteur<br />
Mme ROEFS Anne &#8211; Full professor, Maastricht University &#8211; Présidente<br />
Invited member : Mme GRYNBERG Delphine &#8211; Professeure des universités,Université de Lille &#8211; Invitée</li>
</ul>

<p>Analyses en réseaux des interactions cognitives et affectives dans les désordres de la prise alimentaire // Lieu : CARF</p>
